Let o(a) = a**2 + u*a**2 + 9*a**2 - a. What is o(1)?
11
Let o(p) = p - 8. Let t be o(13). Let v(q) be the second derivative of -q**4/12 + 5*q**3/6 - 2*q**2 + 3*q. Calculate v(t).
-4
Let t = -99 - -101. Let h(z) be the second derivative of -1/20*z**5 - 3/2*z**2 + 0 - 5/6*z**3 - 5/12*z**4 + t*z. Give h(-4).
1
Let w(k) be the third derivative of -3*k**4/8 + 122*k**2. Calculate w(-5).
45
Let c be (-3)/(-24) + 744/192. Let b(d) = d**3 - 5*d**2 + 5*d - 1. Calculate b(c).
3
Let g(a) = 4 + 10 - 3 + a**2 + 1 + 9*a. Let t be g(-8). Suppose -16 = 2*n - t*n + 2*v, 0 = 5*n + 5*v. Let x(d) = -d**2 + 3*d - 1. Give x(n).
-5
Let w(i) be the second derivative of -i**5/20 - 7*i**4/12 - i**3 - 5*i**2/2 - 2*i - 1. What is w(-6)?
-5
Let v = 41 - 42. Let j(d) = -10*d - 1. Determine j(v).
9
Let b(t) = 4*t**2 + 8*t - 7. Let j(r) = -r**2. Let z(q) = -b(q) - 5*j(q). Determine z(6).
-5
Let g(c) = 3*c**3 - 3*c**2 - 2*c + 4. Let u be g(3). Let p = u + -17. Let m(x) = -x**2 - x**3 - p - 5*x**2 + 34. Give m(-6).
-1
Let l(v) = 147 - v + 8*v - 292 + 150 - v**3 + 0*v**2 - 4*v**2. Calculate l(-6).
35
Suppose 0 = 5*c + 2 + 13. Let f(n) = -2*n - 4. What is f(c)?
2
Suppose -5*a - 2*t = -16, -3*a + 11 = 3*t - 4. Let y(g) = -2*g**2 - 2*g + 4. Let r(v) = -v + 1. Let u(k) = -6*r(k) + y(k). Determine u(a).
-2
Let r(i) = -i**2 - 2*i + 3*i - 2 + i. Let x(m) = -3*m**2 - 9 + m + m**3 - 3*m**3 + m**3. Let k be x(-4). Determine r(k).
-5
Let r(p) = p**2 - 1. Let s be (4/(-6))/(3/(-1*18)). Suppose 6 = 3*c + 3*z, 4*c - 7*z + 20 = -s*z. Determine r(c).
3
Let j(d) = -2*d**3 + 28*d**2 + d - 8. Let c be j(14). Let f(y) = -y**2 + 8*y - 6. Determine f(c).
6
Let i(d) = d**3 - d**2 - d - 12. Let t be i(0). Let q = 0 - t. Let h = -11 + q. Let u(w) = 4*w**2 + 1. Determine u(h).
5
Let j(m) be the second derivative of -m**5/20 + m**3/6 + m**2 + 270*m. Let y = -1 - -3. Calculate j(y).
-4
Let z(p) = 2*p + 20. Let k be z(-9). Let g be (0 - 5/k)/(11/22). Let t(r) = r - 4. Give t(g).
-9
Let j = 16 - 14. Let c(v) = v**j - 69 + 38 - v**3 + 35. Determine c(3).
-14
Suppose p - 5*d = 21, -4*d = -2*p + 4*p + 14. Suppose -9*u = -17 - 10. Let i(w) = -p + w - 1 + w - u*w. Determine i(0).
-2
Let o = 19 + 21. Let y(r) = -4*r**2 + r**3 - 76*r + 4 + o*r + 37*r. Suppose 3*q - 10 - 3 = 2*a, 4*a + 8 = 0. Determine y(q).
-2
Let x(a) = a - 1. Let s(z) = -z**2 - 4*z - 1. Let w(l) = -s(l) - x(l). Let c = -40 - -40. Let n be c - 2/(-2)*-2. Give w(n).
0
Let k(m) = 12*m - m**2 + 17*m - 1 - 23*m - 1. Give k(4).
6
Let n(p) = p**2 - 6*p + 1. Let k(c) = -c**3 - 3*c**2 + 3*c + 5. Let u be k(-4). Let h(s) = -s**3 + 9*s**2 + 2*s - 12. Let z be h(u). Determine n(z).
1
Let f(l) = -33*l**2 + 3 - 29*l**2 + l**3 + 3*l + 2*l + 65*l**2. Determine f(-3).
-12
Let s(g) = -g**2 + 2*g. Let u(y) = 3*y**2 - 5*y - 1. Let z(v) = 5*s(v) + 2*u(v). Suppose 12 = -o - 3*o. What is z(o)?
7
Suppose 2*t - 3*t = 4. Suppose 0 = 8*q - 3*q - 25. Let h(d) = 3*d - q*d - 3 + 3*d + 0. Give h(t).
-7
Let d(x) = 5*x + 40*x**2 + 1 - 18*x**2 - 7*x**2 - 16*x**2. Determine d(5).
1
Let h be 4/3 - (-6)/9. Let n(x) = x - 6. Let y be n(8). Let q(j) = -7*j + 5*j + j**3 - j + 2 - j**y. What is q(h)?
0
Let t(b) = 4*b + 18. Let m be 3/((-4)/30*54/12). What is t(m)?
-2
Let j(t) = -4 - 2*t + 3*t**2 - t**2 + 5*t - t**2. Let z = 34 - 55. Let b be (-22)/6 + 28/z. Calculate j(b).
6
Let y(o) be the third derivative of -o**4/8 - 8*o**3/3 - 12*o**2. Let h be y(-6). Let j(f) = -3*f + 1 - h + 4*f - 4. Determine j(-6).
-11
Let i(d) = d - 1. Let n be i(6). Let y(l) be the third derivative of 1/15*l**n + 1/8*l**4 - 4*l**2 + 0*l**3 + 0*l - 1/120*l**6 + 0. Calculate y(5).
-10
Let i be (-17 - -11)*2/(-3) - 3. Let m(y) = -4*y + 2. Calculate m(i).
-2
Suppose 147 = -360*c + 409*c. Let s(d) = d**3 - d. Determine s(c).
24
Suppose 26*m + 126 = -37*m. Let t(c) = 17*c + 5. Let s(k) = 8*k + 2. Let d(f) = 9*s(f) - 4*t(f). Calculate d(m).
-10
Let q(k) = -5 - 6*k + 2 + 0. Let v = 5 + -3. Suppose -2*p + 2*d + 3*d - 4 = 0, 4*d + v = -p. What is q(p)?
9
Let k(g) be the second derivative of g**4/24 + g**3/2 - 3*g**2/2 - 3*g. Let n(o) be the first derivative of k(o). What is n(3)?
6
Suppose 1 = -10*f + 41. Let a(t) = -6*t + 2*t + 7*t + f - 2*t. Give a(-3).
1
Let h be (-144)/84*(-14)/(-4). Let n(l) = l**2 + 5*l + 7. Give n(h).
13
Let b be (-7)/2 + (-5)/(-10). Suppose -p - a - 2*a + 14 = 0, 0 = 4*p - 2*a. Let k(x) = 6*x - 2*x - 1 - p - 5*x. Determine k(b).
0
Let c(i) = -i**2 + 12*i - 11. Suppose 4*v - 4*d - 12 = 0, 0 = -3*v + 6*v - 2*d - 14. Calculate c(v).
21
Let t be ((-6)/5)/((-6)/10). Let p(s) = -s**2. Give p(t).
-4
Let h be -6*((-40)/12 + -1). Let p = h - 37. Let t(j) = j + 5. Determine t(p).
-6
Suppose -6 = 2*g, -3*o = -0*o - 4*g - 48. Let w(c) = 19*c - o*c - 8*c. Determine w(-5).
5
Suppose c - 20 + 14 = 0. Let u be 0/(4 + (0 - c)). Let r(z) = -z - 2. Give r(u).
-2
Let o(g) = -g - 2. Suppose -4*j = -2 + 22. Let z be (j - -6)/(1/13). Let t = -7 + z. Give o(t).
-8
Let b(f) = f**3 + 5*f**2 - 10*f - 2. Suppose -16 = 6*t + 26. What is b(t)?
-30
Suppose 4*v = 3 + 5. Let w(u) = 0*u**2 - 5*u**2 + 4*u**v + 0*u**2. Let x = -2 - -3. Determine w(x).
-1
Let f(s) = -4*s + 2. Suppose -4*m + 17 = -h - 0*h, 0 = -3*m - 4*h + 27. Suppose -m*r - 32 = -r. Let o be (-2)/(-2*(-4)/r). Give f(o).
-6
Let i(f) = -f**2 - 4*f - 2. Let j be (-2)/5 - (-162)/5. Suppose -k + 15 = 5*n, 3*n = -0*k + 4*k + j. Let x = n - 9. Calculate i(x).
-7
Let d(x) = -x**3 - x - 1. Let v(m) = -4*m**3 + m**2 - 5*m - 5. Let f(b) = 2*d(b) - v(b). What is f(-2)?
-23
Let d(k) be the first derivative of -k**2 - 31*k + 12. Let m be d(-16). Let p(c) = 13*c**2 + c - 1. Give p(m).
13
Let z(m) be the second derivative of -m**4/4 + m**3/3 - m**2/2 + 3*m. Let v(d) be the first derivative of z(d). Let k = 831 - 828. Calculate v(k).
-16
Let n(a) = 4*a**3 + 2*a**2 + 3*a + 1. Let y(s) = -7*s**3 - 5*s**2 - 7*s - 3. Let b(z) = 5*n(z) + 3*y(z). Calculate b(-4).
4
Let p(z) be the first derivative of z**2/2 - 5*z - 15. Give p(-11).
-16
Let w(p) be the third derivative of p**7/2520 + p**6/240 - 3*p**5/20 - 40*p**2. Let l(u) be the third derivative of w(u). Give l(-4).
-5
Let d(j) = 2 - 3 + 0 + 2607*j - 2609*j. What is d(-9)?
17
Let x(o) = -9*o**3 + 2*o**2 - 1. Let r = -1 - 0. Determine x(r).
10
Suppose -2*w + 2 = -2*c + 12, -2*c + 13 = w. Let y(z) = -7 + z + 6*z - c*z. Determine y(7).
0
Let p(z) = -1 - 3*z + z**3 - 181*z**2 + 2*z + 179*z**2. Let j be 3/(0 + 3/2). Let c = 1 + j. Give p(c).
5
Let u be (-9)/(9/(-1)) - 11. Let x(m) = 3*m**3 - 22*m**2 - 18*m + 3. Let t(p) = -p**3 + 11*p**2 + 9*p - 2. Let v(z) = -5*t(z) - 2*x(z). Calculate v(u).
-6
Let o(j) = -3. Let c(w) = -w + 8. Let p(f) = c(f) + o(f). Suppose -4*x = -3*v - 14, 5*v - 5*x + 7 + 8 = 0. Let a be 3 - (v + 0)*-1. Determine p(a).
0
Let w(f) = -f**3 + 8*f**2 + 3. Let s be w(8). Suppose 6 = -s*g + 3. Let b(k) = 5*k - 1. What is b(g)?
-6
Let u(t) = -t**2 + 11*t - 16. Let f = 36 + -26. Let b be u(f). Let h(a) = -a - 7. Determine h(b).
-1
Let j(v) = 13*v + 11. Let m(k) = -3*k - 3. Let f(t) = -2*j(t) - 9*m(t). Let o = 484 + -490. Determine f(o).
-1
Let t(c) = c**3 - 9*c**2 + 8*c + 2. Let n(g) = 3*g**2 + 19*g - 32. Let u be n(-8). Give t(u).
2
Let c(q) = -7*q**3 - q**2 - 2*q + 3. Let a = -88 - -89. Let r be c(a). Let o(j) = j**3 + 6*j**2 - 6*j - 6. Calculate o(r).
-13
Let h(l) = -l**3 - 3*l**2 + 3*l + 1. Let g = 1 + -5. Let r be h(g). Let w(d) = -d**3 + 4*d**2 + 3*d + 1. Calculate w(r).
-9
Let m(u) be the first derivative of 2*u**3/3 + 3*u**2 + 5*u + 1. Let a = 111 + -115. Calculate m(a).
13
Let u(q) = q**2 + 20*q + 22. Let r be u(-19). Let a(m) = -2*m + m**3 - 214 - 219 + 434 + r*m**2. Calculate a(-4).
-7
Suppose 2*m + 4*c + 8 = 0, -7*m + 3*m - 1 = 5*c. Let q(b) = -b**2 + 5*b + 9. Calculate q(m).
3
Let u(b) = b**2 - 5*b - 1. Suppose 0 = 4*o - 3*r - 20, -o - 2 = -3*r + 2. Suppose 7*p - o*p + 6 = 0. Determine u(p).
5
Let o(z) = 3*z**2 - 2*z - 6. Let j(i) be the first derivative of 2*i**3/3 - i**2/2 - 4*i - 6. Let f(p) = -8*j(p) + 5*o(p). Give f(-4).
-6
Let h(r) be the third derivative of -r**5/40 + 3*r**4/8 - r**3/6 + r**2. Let v(f) be the first derivative of h(f). Let y = -1240 - -1246. Calculate v(y).
-9
Suppose -2*l - 4*p = -14 - 0, 3*l - p - 7 = 0. Let b(r) = 1 + 2*r**3 - 2*r**3 + 6*r**l. Calculate b(-1).
-5
Let q(d) = 3*d**3 - 2